{"id":34,"date":"2020-10-27T09:43:56","date_gmt":"2020-10-27T09:43:56","guid":{"rendered":"http:\/\/www.euegeajans.com\/?page_id=34"},"modified":"2026-04-07T11:20:13","modified_gmt":"2026-04-07T11:20:13","slug":"hakkimizda","status":"publish","type":"page","link":"https:\/\/www.euegeajans.com\/index.php\/hakkimizda\/","title":{"rendered":"Hakk\u0131m\u0131zda"},"content":{"rendered":"<p style=\"text-align: justify;\"><span style=\"color: #000000;\">Ege \u00dcniversitesi\u2019nde yay\u0131mlad\u0131\u011f\u0131 ve elimize ge\u00e7en ilk gazete 09.02.1966 tarihinde ilk say\u0131s\u0131 yay\u0131mlanan \u00dcniversite Gazetesi\u2019dir. Ege \u00dcniversitesi Talebe Birli\u011fi\u2019nin yay\u0131nlad\u0131\u011f\u0131 bu gazetenin yaz\u0131 i\u015fleri m\u00fcd\u00fcrl\u00fc\u011f\u00fc \u00dcnal \u00d6z\u00e7elik Aral taraf\u0131ndan yap\u0131lm\u0131\u015ft\u0131r. Cumhur S\u00fcmer, Metin Turan ve Sava\u015fkan Olcaysu taraf\u0131ndan haz\u0131rlanan gazetenin bask\u0131s\u0131 Ege \u00dcniversitesi Matbaas\u0131\u2019nda yap\u0131lm\u0131\u015ft\u0131r.\u00a0\u00a0 <\/span><\/p>\n<p style=\"text-align: justify;\"><span style=\"color: #000000;\">T\u00fcrkiye&#8217;de \u00fcniversiteler aras\u0131nda kendi haber ajans\u0131n\u0131 kurulan ilk \u00fcniversite Ege \u00dcniversitesi&#8217;dir. Ege \u00dcniversitesi Bas\u0131n-Yay\u0131n Y\u00fcksekokulu M\u00fcd\u00fcr\u00fc Prof. Dr. \u00d6zcan \u00d6zal&#8217;\u0131n giri\u015fimleri ve d\u00f6nemin rekt\u00f6r\u00fc Prof. Dr. Sermed Akg\u00fcn&#8217;\u00fcn onay\u0131yla Yrd. Do\u00e7. Dr. O\u011fuzhan Kavakl\u0131 taraf\u0131ndan 2 \u015eubat 1987 tarihinde faaliyete ge\u00e7irilmi\u015ftir. Ege Ajans&#8217;\u0131n kurulu\u015f amac\u0131; \u00fcniversitede ger\u00e7ekle\u015ftirilen bilimsel, k\u00fclt\u00fcrel, sosyal etkinliklerin, toplant\u0131lar\u0131n, uygulamalar\u0131n medyaya do\u011fru ve sa\u011fl\u0131kl\u0131 olarak aktar\u0131lmas\u0131n\u0131n sa\u011flanmas\u0131d\u0131r. Ege Ajans ayn\u0131 zamanda Ege \u00dcniversitesi&#8217;nin bas\u0131n toplant\u0131lar\u0131n\u0131n organizasyonlar\u0131n\u0131 \u00fcstlenmi\u015f, medya ile ilgili ara\u015ft\u0131rmalar y\u00fcr\u00fctm\u00fc\u015f ve \u00e7e\u015fitli sorumluluk projelerine \u00f6nc\u00fcl\u00fck etmi\u015ftir. Ajans\u0131n ilk i\u015fleyi\u015f ve \u00e7al\u0131\u015fma y\u00f6nergesi Ege \u00dcniversitesi Senatosu taraf\u0131ndan 27 Ocak 1987 g\u00fcn ve 4 say\u0131l\u0131 karar\u0131 ile kabul edilmi\u015ftir.<\/span><\/p>\n<p style=\"text-align: justify;\"><span style=\"color: #000000;\">Ege Ajans, 15.10.2017 tarihinde Ege \u00dcniversitesi Medya Uygulama ve Ara\u015ft\u0131rma Merkezi&#8217;nin (EGEMM) kurulmas\u0131yla faaliyetlerini EGEMM \u00e7at\u0131s\u0131 alt\u0131nda s\u00fcrd\u00fcrmeye ba\u015flam\u0131\u015ft\u0131r. Bu tarihten itibaren fiziki imkanlar\u0131n\u0131n yan\u0131 s\u0131ra personel yap\u0131s\u0131 da g\u00fc\u00e7lendirilen Ege Ajans, Ege \u00dcniversitesi TV ve Radyo Ege Kamp\u00fcs&#8217;\u00fcn haber b\u00fcltenlerini haz\u0131rlamakla birlikte Ege \u00dcniversitesi Bas\u0131nla \u0130li\u015fkiler \u015eube M\u00fcd\u00fcrl\u00fc\u011f\u00fc ile de koordineli bir \u015fekilde Ege \u00dcniversitesi&#8217;nden medyada do\u011fru ve sa\u011fl\u0131kl\u0131 haber ak\u0131\u015f\u0131n\u0131n sa\u011flanmas\u0131nda \u00f6nemli bir rol \u00fcstlenmeye devam etmektedir.<\/span><\/p>\n<p style=\"text-align: justify;\"><span style=\"color: #000000;\"><strong>Ege Ajans\u2019\u0131n G\u00f6revleri:<\/strong><\/span><\/p>\n<ul style=\"text-align: justify;\">\n<li><span style=\"color: #000000;\">Rekt\u00f6rl\u00fck ve ba\u011fl\u0131 kurulu\u015flar taraf\u0131ndan bas\u0131na servis edilmesi istenen haber, bilgi ve duyurular\u0131n iletilmesini sa\u011flamak<\/span><\/li>\n<li><span style=\"color: #000000;\">Ege \u00dcniversitesi b\u00fcnyesinde her t\u00fcrl\u00fc sosyal ve k\u00fclt\u00fcrel aktiviteyi ve sportif faaliyetleri takip ederek bas\u0131na ula\u015ft\u0131rmak.<\/span><\/li>\n<li><span style=\"color: #000000;\">\u0130leti\u015fim Fak\u00fcltesi \u00f6\u011frencilerinin deneyim kazanmalar\u0131 amac\u0131yla gerekti\u011finde haber alma s\u0131n\u0131rlar\u0131n\u0131 \u00fcniversite d\u0131\u015f\u0131na da ta\u015f\u0131yarak (siyasi niteli\u011fi olmayan) haber \u00e7al\u0131\u015fmalar\u0131 yapmak.<\/span><\/li>\n<li><span style=\"color: #000000;\">Fak\u00fclte, y\u00fcksekokul, enstit\u00fc ve uygulama ara\u015ft\u0131rma merkezleriyle, rekt\u00f6rl\u00fc\u011fe ba\u011fl\u0131 di\u011fer birimlerin geni\u015f kapsaml\u0131 olarak d\u00fczenleyip kamu oyuna duyurmay\u0131 arzulad\u0131klar\u0131 konularda ilgili birimlerle ili\u015fkiye ge\u00e7erek, bas\u0131n toplant\u0131lar\u0131 d\u00fczenlemek.<\/span><\/li>\n<li><span style=\"color: #000000;\">Fak\u00fclte, y\u00fcksekokullar ve uygulama ara\u015ft\u0131rma merkezlerinin i\u015flev ve faaliyetlerini bas\u0131n yoluyla kamuoyuna duyurmak; ayr\u0131ca bas\u0131n mensuplar\u0131yla \u00fcniversite y\u00f6neticilerinin tan\u0131\u015fmas\u0131n\u0131 sa\u011flamak amac\u0131yla, ilgili birimlerle koordinasyon suretiyle \u201ctan\u0131t\u0131m toplant\u0131lar\u0131\u201d d\u00fczenlemek.<\/span><\/li>\n<li><span style=\"color: #000000;\">Ege \u00dcniversitesi Rekt\u00f6rl\u00fc\u011f\u00fc ad\u0131na yay\u0131nlanan \u201cKalem Gazetesi\u201dnin uygun g\u00f6r\u00fclecek yay\u0131n\u0131n\u0131 ger\u00e7ekle\u015ftirmek.<\/span><\/li>\n<\/ul>\n<p style=\"text-align: justify;\"><span style=\"color: #000000;\"><strong>Ege Ajans Sorumlu Haber M\u00fcd\u00fcr\u00fc:<\/strong> Do\u00e7. Dr. Ay\u015fe \u00c7atalcal\u0131 Ceylan<\/span><\/p>\n<p style=\"text-align: justify;\"><span style=\"color: #000000;\"><strong>Edit\u00f6r Muhabir:<\/strong> T\u00fcrker Becerikli<\/span><\/p>\n<p style=\"text-align: justify;\"><span style=\"color: #000000;\"><strong>Edit\u00f6r Muhabir: <\/strong>G\u00fcldemet \u015eim\u015fek<\/span><\/p>\n<p><span style=\"color: #000000;\"><strong>Edit\u00f6r Muhabir: <\/strong>Beg\u00fcm Tang\u00f6r<\/span><\/p>\n<p><strong>Haber Servisi:<\/strong> \u00d6zlem Gen\u00e7<\/p>\n<p><span style=\"color: #000000;\"><strong>Web &amp; Sosyal Medya:<\/strong> Z\u00fcmr\u00fct A\u00e7\u0131k<\/span><\/p>\n<p style=\"text-align: justify;\"><span style=\"color: #000000;\"><strong>Telefon<\/strong>: 0 (232) 311 16 42<\/span><br \/><span style=\"color: #000000;\"><strong>Web Sayfas\u0131:<\/strong>\u00a0<a style=\"color: #000000;\" href=\"https:\/\/euegeajans.com\/\">https:\/\/euegeajans.com<\/a><\/span><\/p>\n\n\n<figure class=\"wp-block-image size-large\"><img loading=\"lazy\" decoding=\"async\" width=\"677\" height=\"1024\" src=\"http:\/\/www.euegeajans.com\/wp-content\/uploads\/2021\/03\/Kalem-Gazetesi-03.10.1983-677x1024.jpg\" alt=\"\" class=\"wp-image-2552\" srcset=\"https:\/\/www.euegeajans.com\/wp-content\/uploads\/2021\/03\/Kalem-Gazetesi-03.10.1983-677x1024.jpg 677w, https:\/\/www.euegeajans.com\/wp-content\/uploads\/2021\/03\/Kalem-Gazetesi-03.10.1983-198x300.jpg 198w, https:\/\/www.euegeajans.com\/wp-content\/uploads\/2021\/03\/Kalem-Gazetesi-03.10.1983-768x1161.jpg 768w, https:\/\/www.euegeajans.com\/wp-content\/uploads\/2021\/03\/Kalem-Gazetesi-03.10.1983.jpg 1000w\" sizes=\"auto, (max-width: 677px) 100vw, 677px\" \/><\/figure>\n","protected":false},"excerpt":{"rendered":"<p>Ege \u00dcniversitesi\u2019nde yay\u0131mlad\u0131\u011f\u0131 ve elimize ge\u00e7en ilk gazete 09.02.1966 tarihinde ilk say\u0131s\u0131 yay\u0131mlanan \u00dcniversite Gazetesi\u2019dir&#8230;.<\/p>\n","protected":false},"author":1,"featured_media":0,"parent":0,"menu_order":0,"comment_status":"closed","ping_status":"closed","template":"","meta":{"footnotes":""},"class_list":["post-34","page","type-page","status-publish","hentry"],"_links":{"self":[{"href":"https:\/\/www.euegeajans.com\/index.php\/wp-json\/wp\/v2\/pages\/34","targetHints":{"allow":["GET"]}}],"collection":[{"href":"https:\/\/www.euegeajans.com\/index.php\/wp-json\/wp\/v2\/pages"}],"about":[{"href":"https:\/\/www.euegeajans.com\/index.php\/wp-json\/wp\/v2\/types\/page"}],"author":[{"embeddable":true,"href":"https:\/\/www.euegeajans.com\/index.php\/wp-json\/wp\/v2\/users\/1"}],"replies":[{"embeddable":true,"href":"https:\/\/www.euegeajans.com\/index.php\/wp-json\/wp\/v2\/comments?post=34"}],"version-history":[{"count":14,"href":"https:\/\/www.euegeajans.com\/index.php\/wp-json\/wp\/v2\/pages\/34\/revisions"}],"predecessor-version":[{"id":32898,"href":"https:\/\/www.euegeajans.com\/index.php\/wp-json\/wp\/v2\/pages\/34\/revisions\/32898"}],"wp:attachment":[{"href":"https:\/\/www.euegeajans.com\/index.php\/wp-json\/wp\/v2\/media?parent=34"}],"curies":[{"name":"wp","href":"https:\/\/api.w.org\/{rel}","templated":true}]}}